{"id":7,"date":"2025-12-04T20:49:13","date_gmt":"2025-12-04T20:49:13","guid":{"rendered":"http:\/\/postcresima.org\/?page_id=7"},"modified":"2025-12-04T21:18:24","modified_gmt":"2025-12-04T21:18:24","slug":"7-2","status":"publish","type":"page","link":"http:\/\/postcresima.org\/","title":{"rendered":""},"content":{"rendered":"\n<figure class=\"wp-block-image size-full\"><img loading=\"lazy\" decoding=\"async\" width=\"634\" height=\"227\" src=\"http:\/\/postcresima.org\/wp-content\/uploads\/2025\/12\/logo_MB_Fatimska-3.png\" alt=\"\" class=\"wp-image-19\" srcset=\"http:\/\/postcresima.org\/wp-content\/uploads\/2025\/12\/logo_MB_Fatimska-3.png 634w, http:\/\/postcresima.org\/wp-content\/uploads\/2025\/12\/logo_MB_Fatimska-3-300x107.png 300w\" sizes=\"auto, (max-width: 634px) 100vw, 634px\" \/><\/figure>\n\n\n\n<figure class=\"wp-block-image size-large\"><img loading=\"lazy\" decoding=\"async\" width=\"1024\" height=\"207\" src=\"http:\/\/postcresima.org\/wp-content\/uploads\/2025\/12\/postcresima-1024x207.png\" alt=\"\" class=\"wp-image-10\" srcset=\"http:\/\/postcresima.org\/wp-content\/uploads\/2025\/12\/postcresima-1024x207.png 1024w, http:\/\/postcresima.org\/wp-content\/uploads\/2025\/12\/postcresima-300x61.png 300w, http:\/\/postcresima.org\/wp-content\/uploads\/2025\/12\/postcresima-768x155.png 768w, http:\/\/postcresima.org\/wp-content\/uploads\/2025\/12\/postcresima-1536x310.png 1536w, http:\/\/postcresima.org\/wp-content\/uploads\/2025\/12\/postcresima-2048x413.png 2048w\" sizes=\"auto, (max-width: 1024px) 100vw, 1024px\" \/><\/figure>\n\n\n\n<p>DROGA DO DOROS\u0141O\u015aCI &#8211; DROGA DO WOLNO\u015aCI<\/p>\n\n\n\n<p><\/p>\n\n\n\n<p><em>&#8220;Wielu spo\u015br\u00f3d syn\u00f3w Izraela nawr\u00f3ci do Pana, ich Boga; on sam p\u00f3jdzie przed Nim w duchu i z moc\u0105 Eliasza, \u017ceby serca ojc\u00f3w nak\u0142oni\u0107 ku dzieciom (&#8230;)&#8221;<\/em>                                                                        <em>\u0141k 1,16<\/em><\/p>\n\n\n\n<p class=\"has-text-align-center\"><\/p>\n\n\n\n<p class=\"has-contrast-color has-text-color has-link-color has-small-font-size wp-elements-f349e4576d9976eb40e3cb6d4fc41f1b\">     Czy w rzeczywisto\u015bci, w kt\u00f3rej coraz wi\u0119cej m\u0142odych ludzi boryka si\u0119 z odrzuceniem, uzale\u017cnieniami, traci poczucie sensu, kontaktu z Bogiem, wci\u0105\u017c mo\u017cna wierzy\u0107, \u017ce ta obietnica zosta\u0142a wype\u0142niona? M\u0142odzi ludzie szukaj\u0105 swojego miejsca, dokonuj\u0105 wybor\u00f3w, czasami trudnych, czasami wi\u0105\u017c\u0105cych si\u0119 ze zranieniem, l\u0119kiem.<\/p>\n\n\n\n<p class=\"has-contrast-color has-text-color has-link-color has-small-font-size wp-elements-9756faa3cc8e04bf19eae42d87dff07e\">Czy mo\u017cna im pom\u00f3c?<\/p>\n\n\n\n<p class=\"has-contrast-color has-text-color has-link-color has-small-font-size wp-elements-e428f671f6d71355c19f65b3275bdb32\">Nie ma jednoznacznej odpowiedzi na to pytanie, ale&nbsp;<strong>POSTCRESIMA<\/strong>&nbsp;(PO BIERZMOWANIU) stara si\u0119 by\u0107 jedn\u0105 z mo\u017cliwo\u015bci. Spotykamy si\u0119 w pi\u0105tkowe wieczory, w niewielkich 6-8 osobowych grupach, w domach ma\u0142\u017ce\u0144stw, kt\u00f3re chc\u0105 towarzyszy\u0107 m\u0142odym w ich dojrzewaniu i poznawaniu Boga. W spokoju, bez po\u015bpiechu, rozmawiamy, s\u0142uchamy siebie nawzajem, czasem milczymy, czytamy Pismo \u015awi\u0119te i jemy razem posi\u0142ki. Ka\u017cdy mo\u017ce wypowiedzie\u0107 g\u0142o\u015bno swoje zdanie, podzieli\u0107 si\u0119 w\u0105tpliwo\u015bciami. Dzi\u0119ki temu m\u0142ode osoby mog\u0105 czu\u0107 si\u0119 bezpieczne, kochane, gotowe, \u017ceby s\u0142ucha\u0107 S\u0142owa Bo\u017cego, a niekiedy r\u00f3wnie\u017c je wype\u0142nia\u0107. Niemal\u017ce ka\u017cde spotkanie jest wyj\u0105tkowe, wci\u0105\u017c uczymy si\u0119 od siebie nawzajem. Przemian\u0119 wida\u0107 nie tylko w m\u0142odych, ale r\u00f3wnie\u017c w ma\u0142\u017ce\u0144stwach bior\u0105cych udzia\u0142 w tej pos\u0142udze.<\/p>\n\n\n\n<p class=\"has-contrast-color has-text-color has-link-color has-small-font-size wp-elements-5fdb79170106b4bbd18302b24023d431\"><strong>POSTCRESIMA<\/strong>&nbsp;powsta\u0142a w latach dziewi\u0119\u0107dziesi\u0105tych we W\u0142oszech jako wsparcie dla m\u0142odzie\u017cy w ich dorastaniu. Dzi\u015b, w parafiach na ca\u0142ym \u015bwiecie, mo\u017cna znale\u017a\u0107 ma\u0142\u017ce\u0144stwa, kt\u00f3re w ten spos\u00f3b prowadz\u0105 m\u0142odych do \u017cycia z Bogiem. W Polsce takie parafie s\u0105 w Warszawie, Lublinie, \u0141odzi. To 45 ma\u0142\u017ce\u0144stw i 240 m\u0142odych z ca\u0142ej Polski!<\/p>\n\n\n\n<figure class=\"wp-block-image size-large\"><img loading=\"lazy\" decoding=\"async\" width=\"1024\" height=\"523\" src=\"http:\/\/postcresima.org\/wp-content\/uploads\/2025\/12\/zdjecie_grupowe-1024x523.png\" alt=\"\" class=\"wp-image-11\" srcset=\"http:\/\/postcresima.org\/wp-content\/uploads\/2025\/12\/zdjecie_grupowe-1024x523.png 1024w, http:\/\/postcresima.org\/wp-content\/uploads\/2025\/12\/zdjecie_grupowe-300x153.png 300w, http:\/\/postcresima.org\/wp-content\/uploads\/2025\/12\/zdjecie_grupowe-768x392.png 768w, http:\/\/postcresima.org\/wp-content\/uploads\/2025\/12\/zdjecie_grupowe-1536x784.png 1536w, http:\/\/postcresima.org\/wp-content\/uploads\/2025\/12\/zdjecie_grupowe.png 1588w\" sizes=\"auto, (max-width: 1024px) 100vw, 1024px\" \/><\/figure>\n\n\n\n<div class=\"wp-block-columns is-layout-flex wp-container-core-columns-is-layout-28f84493 wp-block-columns-is-layout-flex\">\n<div class=\"wp-block-column is-layout-flow wp-block-column-is-layout-flow\" style=\"flex-basis:100%\">\n<p class=\"has-small-font-size\">Centralnym i najwa\u017cniejszym punktem ka\u017cdego roku jest letni, kilkudniowy ob\u00f3z, podczas kt\u00f3rego odkrywamy dary, jakie niesie dla nas S\u0142owo Bo\u017ce, Eucharystia i wsp\u00f3lnota. Ka\u017cda osoba jest dla nas wa\u017cna, chcieliby\u015bmy, \u017ceby wszyscy m\u0142odzi mogli bra\u0107 udzia\u0142 w letnim obozie, ale m\u0142odzie\u017c pochodzi z r\u00f3\u017cnych rodzin, kt\u00f3rych nie zawsze sta\u0107 na op\u0142acenie wyjazdu. Koszt jednego uczestnika to 1100 z\u0142. St\u0105d nasza gor\u0105ca pro\u015bba o wsparcie w mo\u017cliwej dla Pa\u0144stwa formie. Opr\u00f3cz \u015brodk\u00f3w w\u0142asnych i wsparcia darczy\u0144c\u00f3w nie mamy innych form finansowania naszej pos\u0142ugi. W zesz\u0142ym roku dzi\u0119ki osobom, kt\u00f3re zdecydowa\u0142y si\u0119 wesprze\u0107\u00a0<strong>POSTCRESIMA\u00a0<\/strong>na ob\u00f3z wyjecha\u0142o 25 m\u0142odych z naszego miasta. W ka\u017cdy pi\u0105tek mamy mo\u017cliwo\u015b\u0107 przygotowa\u0107 pyszny posi\u0142ek i rozwie\u015b\u0107 bezpiecznie do dom\u00f3w m\u0142odzie\u017c z naszych grup, poniewa\u017c jeste\u015bmy wspierani przez ludzi dobrej woli. Pracujemy z ramienia proboszcza parafii Matki Boskiej Fatimskiej, ks Jana Czekalskiego.<\/p>\n<\/div>\n<\/div>\n\n\n\n<p class=\"has-small-font-size\"><strong>POSTCRESIMA<\/strong>&nbsp;jest realn\u0105 odpowiedzi\u0105 na potrzeb\u0119 dojrzewania w mi\u0142o\u015bci i szacunku, ku wolno\u015bci. Mamy do\u015bwiadczenie ogromnej hojno\u015bci i rado\u015bci, jak\u0105 daje ten rodzaj pomocy m\u0142odym, dlatego z ca\u0142ym przekonaniem mo\u017cemy zapewni\u0107, \u017ce B\u00f3g wynagradza ka\u017cdy wysi\u0142ek, kt\u00f3ry wspiera m\u0142odzie\u017c.<\/p>\n\n\n\n<figure class=\"wp-block-image size-large\"><img loading=\"lazy\" decoding=\"async\" width=\"1024\" height=\"118\" src=\"http:\/\/postcresima.org\/wp-content\/uploads\/2025\/12\/konto-1024x118.png\" alt=\"\" class=\"wp-image-12\" srcset=\"http:\/\/postcresima.org\/wp-content\/uploads\/2025\/12\/konto-1024x118.png 1024w, http:\/\/postcresima.org\/wp-content\/uploads\/2025\/12\/konto-300x35.png 300w, http:\/\/postcresima.org\/wp-content\/uploads\/2025\/12\/konto-768x89.png 768w, http:\/\/postcresima.org\/wp-content\/uploads\/2025\/12\/konto.png 1046w\" sizes=\"auto, (max-width: 1024px) 100vw, 1024px\" \/><\/figure>\n\n\n\n<div class=\"wp-block-group has-global-padding is-layout-constrained wp-block-group-is-layout-constrained\">\n<div class=\"wp-block-columns is-layout-flex wp-container-core-columns-is-layout-28f84493 wp-block-columns-is-layout-flex\">\n<div class=\"wp-block-column is-layout-flow wp-block-column-is-layout-flow\" style=\"flex-basis:100%\">\n<figure class=\"wp-block-image size-full is-resized\"><img loading=\"lazy\" decoding=\"async\" width=\"742\" height=\"205\" src=\"http:\/\/postcresima.org\/wp-content\/uploads\/2025\/12\/patronat_biskup.png\" alt=\"\" class=\"wp-image-13\" style=\"aspect-ratio:3.619782532444756;object-fit:contain;width:256px;height:auto\" srcset=\"http:\/\/postcresima.org\/wp-content\/uploads\/2025\/12\/patronat_biskup.png 742w, http:\/\/postcresima.org\/wp-content\/uploads\/2025\/12\/patronat_biskup-300x83.png 300w\" sizes=\"auto, (max-width: 742px) 100vw, 742px\" \/><\/figure>\n<\/div>\n<\/div>\n<\/div>\n\n\n\n<div class=\"wp-block-columns is-style-section-1 is-layout-flex wp-container-core-columns-is-layout-28f84493 wp-block-columns-is-layout-flex is-style-section-1--1\">\n<div class=\"wp-block-column is-layout-flow wp-block-column-is-layout-flow\" style=\"flex-basis:100%\"><\/div>\n<\/div>\n\n\n\n<p><\/p>\n","protected":false},"excerpt":{"rendered":"<p>DROGA DO DOROS\u0141O\u015aCI &#8211; DROGA DO WOLNO\u015aCI &#8220;Wielu spo\u015br\u00f3d syn\u00f3w Izraela nawr\u00f3ci do Pana, ich Boga; on sam p\u00f3jdzie przed Nim w duchu i z moc\u0105 Eliasza, \u017ceby serca ojc\u00f3w nak\u0142oni\u0107 ku dzieciom (&#8230;)&#8221; \u0141k 1,16 Czy w rzeczywisto\u015bci, w kt\u00f3rej coraz wi\u0119cej m\u0142odych ludzi boryka si\u0119 z odrzuceniem, uzale\u017cnieniami, traci poczucie sensu, kontaktu z [&hellip;]<\/p>\n","protected":false},"author":1,"featured_media":0,"parent":0,"menu_order":0,"comment_status":"closed","ping_status":"closed","template":"","meta":{"footnotes":""},"class_list":["post-7","page","type-page","status-publish","hentry"],"_links":{"self":[{"href":"http:\/\/postcresima.org\/index.php?rest_route=\/wp\/v2\/pages\/7","targetHints":{"allow":["GET"]}}],"collection":[{"href":"http:\/\/postcresima.org\/index.php?rest_route=\/wp\/v2\/pages"}],"about":[{"href":"http:\/\/postcresima.org\/index.php?rest_route=\/wp\/v2\/types\/page"}],"author":[{"embeddable":true,"href":"http:\/\/postcresima.org\/index.php?rest_route=\/wp\/v2\/users\/1"}],"replies":[{"embeddable":true,"href":"http:\/\/postcresima.org\/index.php?rest_route=%2Fwp%2Fv2%2Fcomments&post=7"}],"version-history":[{"count":9,"href":"http:\/\/postcresima.org\/index.php?rest_route=\/wp\/v2\/pages\/7\/revisions"}],"predecessor-version":[{"id":27,"href":"http:\/\/postcresima.org\/index.php?rest_route=\/wp\/v2\/pages\/7\/revisions\/27"}],"wp:attachment":[{"href":"http:\/\/postcresima.org\/index.php?rest_route=%2Fwp%2Fv2%2Fmedia&parent=7"}],"curies":[{"name":"wp","href":"https:\/\/api.w.org\/{rel}","templated":true}]}}

<figure class="wp-block-image size-full"><img loading="lazy" decoding="async" width="634" height="227" src="http://postcresima.org/wp-content/uploads/2025/12/logo_MB_Fatimska-3.png" alt="" class="wp-image-19" srcset="http://postcresima.org/wp-content/uploads/2025/12/logo_MB_Fatimska-3.png 634w, http://postcresima.org/wp-content/uploads/2025/12/logo_MB_Fatimska-3-300x107.png 300w" sizes="auto, (max-width: 634px) 100vw, 634px" /></figure>



<figure class="wp-block-image size-large"><img loading="lazy" decoding="async" width="1024" height="207" src="http://postcresima.org/wp-content/uploads/2025/12/postcresima-1024x207.png" alt="" class="wp-image-10" srcset="http://postcresima.org/wp-content/uploads/2025/12/postcresima-1024x207.png 1024w, http://postcresima.org/wp-content/uploads/2025/12/postcresima-300x61.png 300w, http://postcresima.org/wp-content/uploads/2025/12/postcresima-768x155.png 768w, http://postcresima.org/wp-content/uploads/2025/12/postcresima-1536x310.png 1536w, http://postcresima.org/wp-content/uploads/2025/12/postcresima-2048x413.png 2048w" sizes="auto, (max-width: 1024px) 100vw, 1024px" /></figure>



<p>DROGA DO DOROSŁOŚCI &#8211; DROGA DO WOLNOŚCI</p>



<p></p>



<p><em>&#8220;Wielu spośród synów Izraela nawróci do Pana, ich Boga; on sam pójdzie przed Nim w duchu i z mocą Eliasza, żeby serca ojców nakłonić ku dzieciom (&#8230;)&#8221;</em>                                                                        <em>Łk 1,16</em></p>



<p class="has-text-align-center"></p>



<p class="has-contrast-color has-text-color has-link-color has-small-font-size wp-elements-f349e4576d9976eb40e3cb6d4fc41f1b">     Czy w rzeczywistości, w której coraz więcej młodych ludzi boryka się z odrzuceniem, uzależnieniami, traci poczucie sensu, kontaktu z Bogiem, wciąż można wierzyć, że ta obietnica została wypełniona? Młodzi ludzie szukają swojego miejsca, dokonują wyborów, czasami trudnych, czasami wiążących się ze zranieniem, lękiem.</p>



<p class="has-contrast-color has-text-color has-link-color has-small-font-size wp-elements-9756faa3cc8e04bf19eae42d87dff07e">Czy można im pomóc?</p>



<p class="has-contrast-color has-text-color has-link-color has-small-font-size wp-elements-e428f671f6d71355c19f65b3275bdb32">Nie ma jednoznacznej odpowiedzi na to pytanie, ale&nbsp;<strong>POSTCRESIMA</strong>&nbsp;(PO BIERZMOWANIU) stara się być jedną z możliwości. Spotykamy się w piątkowe wieczory, w niewielkich 6-8 osobowych grupach, w domach małżeństw, które chcą towarzyszyć młodym w ich dojrzewaniu i poznawaniu Boga. W spokoju, bez pośpiechu, rozmawiamy, słuchamy siebie nawzajem, czasem milczymy, czytamy Pismo Święte i jemy razem posiłki. Każdy może wypowiedzieć głośno swoje zdanie, podzielić się wątpliwościami. Dzięki temu młode osoby mogą czuć się bezpieczne, kochane, gotowe, żeby słuchać Słowa Bożego, a niekiedy również je wypełniać. Niemalże każde spotkanie jest wyjątkowe, wciąż uczymy się od siebie nawzajem. Przemianę widać nie tylko w młodych, ale również w małżeństwach biorących udział w tej posłudze.</p>



<p class="has-contrast-color has-text-color has-link-color has-small-font-size wp-elements-5fdb79170106b4bbd18302b24023d431"><strong>POSTCRESIMA</strong>&nbsp;powstała w latach dziewięćdziesiątych we Włoszech jako wsparcie dla młodzieży w ich dorastaniu. Dziś, w parafiach na całym świecie, można znaleźć małżeństwa, które w ten sposób prowadzą młodych do życia z Bogiem. W Polsce takie parafie są w Warszawie, Lublinie, Łodzi. To 45 małżeństw i 240 młodych z całej Polski!</p>



<figure class="wp-block-image size-large"><img loading="lazy" decoding="async" width="1024" height="523" src="http://postcresima.org/wp-content/uploads/2025/12/zdjecie_grupowe-1024x523.png" alt="" class="wp-image-11" srcset="http://postcresima.org/wp-content/uploads/2025/12/zdjecie_grupowe-1024x523.png 1024w, http://postcresima.org/wp-content/uploads/2025/12/zdjecie_grupowe-300x153.png 300w, http://postcresima.org/wp-content/uploads/2025/12/zdjecie_grupowe-768x392.png 768w, http://postcresima.org/wp-content/uploads/2025/12/zdjecie_grupowe-1536x784.png 1536w, http://postcresima.org/wp-content/uploads/2025/12/zdjecie_grupowe.png 1588w" sizes="auto, (max-width: 1024px) 100vw, 1024px" /></figure>



<div class="wp-block-columns is-layout-flex wp-container-core-columns-is-layout-28f84493 wp-block-columns-is-layout-flex">
<div class="wp-block-column is-layout-flow wp-block-column-is-layout-flow" style="flex-basis:100%">
<p class="has-small-font-size">Centralnym i najważniejszym punktem każdego roku jest letni, kilkudniowy obóz, podczas którego odkrywamy dary, jakie niesie dla nas Słowo Boże, Eucharystia i wspólnota. Każda osoba jest dla nas ważna, chcielibyśmy, żeby wszyscy młodzi mogli brać udział w letnim obozie, ale młodzież pochodzi z różnych rodzin, których nie zawsze stać na opłacenie wyjazdu. Koszt jednego uczestnika to 1100 zł. Stąd nasza gorąca prośba o wsparcie w możliwej dla Państwa formie. Oprócz środków własnych i wsparcia darczyńców nie mamy innych form finansowania naszej posługi. W zeszłym roku dzięki osobom, które zdecydowały się wesprzeć <strong>POSTCRESIMA </strong>na obóz wyjechało 25 młodych z naszego miasta. W każdy piątek mamy możliwość przygotować pyszny posiłek i rozwieść bezpiecznie do domów młodzież z naszych grup, ponieważ jesteśmy wspierani przez ludzi dobrej woli. Pracujemy z ramienia proboszcza parafii Matki Boskiej Fatimskiej, ks Jana Czekalskiego.</p>
</div>
</div>



<p class="has-small-font-size"><strong>POSTCRESIMA</strong>&nbsp;jest realną odpowiedzią na potrzebę dojrzewania w miłości i szacunku, ku wolności. Mamy doświadczenie ogromnej hojności i radości, jaką daje ten rodzaj pomocy młodym, dlatego z całym przekonaniem możemy zapewnić, że Bóg wynagradza każdy wysiłek, który wspiera młodzież.</p>



<figure class="wp-block-image size-large"><img loading="lazy" decoding="async" width="1024" height="118" src="http://postcresima.org/wp-content/uploads/2025/12/konto-1024x118.png" alt="" class="wp-image-12" srcset="http://postcresima.org/wp-content/uploads/2025/12/konto-1024x118.png 1024w, http://postcresima.org/wp-content/uploads/2025/12/konto-300x35.png 300w, http://postcresima.org/wp-content/uploads/2025/12/konto-768x89.png 768w, http://postcresima.org/wp-content/uploads/2025/12/konto.png 1046w" sizes="auto, (max-width: 1024px) 100vw, 1024px" /></figure>



<div class="wp-block-group has-global-padding is-layout-constrained wp-block-group-is-layout-constrained">
<div class="wp-block-columns is-layout-flex wp-container-core-columns-is-layout-28f84493 wp-block-columns-is-layout-flex">
<div class="wp-block-column is-layout-flow wp-block-column-is-layout-flow" style="flex-basis:100%">
<figure class="wp-block-image size-full is-resized"><img loading="lazy" decoding="async" width="742" height="205" src="http://postcresima.org/wp-content/uploads/2025/12/patronat_biskup.png" alt="" class="wp-image-13" style="aspect-ratio:3.619782532444756;object-fit:contain;width:256px;height:auto" srcset="http://postcresima.org/wp-content/uploads/2025/12/patronat_biskup.png 742w, http://postcresima.org/wp-content/uploads/2025/12/patronat_biskup-300x83.png 300w" sizes="auto, (max-width: 742px) 100vw, 742px" /></figure>
</div>
</div>
</div>



<div class="wp-block-columns is-style-section-1 is-layout-flex wp-container-core-columns-is-layout-28f84493 wp-block-columns-is-layout-flex is-style-section-1--1">
<div class="wp-block-column is-layout-flow wp-block-column-is-layout-flow" style="flex-basis:100%"></div>
</div>



<p></p>

<p>DROGA DO DOROSŁOŚCI &#8211; DROGA DO WOLNOŚCI &#8220;Wielu spośród synów Izraela nawróci do Pana, ich Boga; on sam pójdzie przed Nim w duchu i z mocą Eliasza, żeby serca ojców nakłonić ku dzieciom (&#8230;)&#8221; Łk 1,16 Czy w rzeczywistości, w której coraz więcej młodych ludzi boryka się z odrzuceniem, uzależnieniami, traci poczucie sensu, kontaktu z [&hellip;]</p>
